{"id":1588,"date":"2023-03-16T21:14:05","date_gmt":"2023-03-16T20:14:05","guid":{"rendered":"https:\/\/till.andremartin.de\/?page_id=1588"},"modified":"2024-03-16T17:38:57","modified_gmt":"2024-03-16T16:38:57","slug":"kein-zucker","status":"publish","type":"page","link":"https:\/\/dresdner-stadtbiene.de\/index.php\/kein-zucker\/","title":{"rendered":"Auf eigenem Honig \u00fcberwinterte Bienen:"},"content":{"rendered":"\n<p>Mit dem Anspruch, den Betrieb der Imkerei umwelt- und klimafreundlich zu gestalten, verzichte ich auf das Zuf\u00fcttern von Zucker. Die Raffination von Zucker ist sehr energieaufw\u00e4ndig. Au\u00dferdem beansprucht der Anbau von Zuckerr\u00fcben und Zuckerrohr Agrarfl\u00e4che, welche anderweitig genutzt werden kann. Deshalb lasse ich den Bienen ihren Teil Honig um gut \u00fcber den Winter zu kommen.<\/p>\n","protected":false},"excerpt":{"rendered":"<p>Mit dem Anspruch, den Betrieb der Imkerei umwelt- und klimafreundlich zu gestalten, verzichte ich auf das Zuf\u00fcttern von Zucker. Die Raffination von Zucker ist sehr energieaufw\u00e4ndig. Au\u00dferdem beansprucht der Anbau &#8230;<\/p>\n","protected":false},"author":1,"featured_media":0,"parent":0,"menu_order":0,"comment_status":"closed","ping_status":"closed","template":"","meta":{"footnotes":""},"class_list":["post-1588","page","type-page","status-publish","hentry"],"_links":{"self":[{"href":"https:\/\/dresdner-stadtbiene.de\/index.php\/wp-json\/wp\/v2\/pages\/1588","targetHints":{"allow":["GET"]}}],"collection":[{"href":"https:\/\/dresdner-stadtbiene.de\/index.php\/wp-json\/wp\/v2\/pages"}],"about":[{"href":"https:\/\/dresdner-stadtbiene.de\/index.php\/wp-json\/wp\/v2\/types\/page"}],"author":[{"embeddable":true,"href":"https:\/\/dresdner-stadtbiene.de\/index.php\/wp-json\/wp\/v2\/users\/1"}],"replies":[{"embeddable":true,"href":"https:\/\/dresdner-stadtbiene.de\/index.php\/wp-json\/wp\/v2\/comments?post=1588"}],"version-history":[{"count":4,"href":"https:\/\/dresdner-stadtbiene.de\/index.php\/wp-json\/wp\/v2\/pages\/1588\/revisions"}],"predecessor-version":[{"id":1710,"href":"https:\/\/dresdner-stadtbiene.de\/index.php\/wp-json\/wp\/v2\/pages\/1588\/revisions\/1710"}],"wp:attachment":[{"href":"https:\/\/dresdner-stadtbiene.de\/index.php\/wp-json\/wp\/v2\/media?parent=1588"}],"curies":[{"name":"wp","href":"https:\/\/api.w.org\/{rel}","templated":true}]}}